{"id":4136,"date":"2020-07-22T15:25:50","date_gmt":"2020-07-22T18:25:50","guid":{"rendered":"https:\/\/paraferro.com.br\/loja\/?post_type=product&#038;p=4136"},"modified":"2025-05-12T11:37:59","modified_gmt":"2025-05-12T14:37:59","slug":"valvula-para-hidrante-globo-compacta-2-1-2-210-l-eale","status":"publish","type":"product","link":"https:\/\/paraferro.com.br\/loja\/produto\/valvula-para-hidrante-globo-compacta-2-1-2-210-l-eale\/","title":{"rendered":"V\u00e1lvula para Hidrante Globo Compacta 210 L \u2013 EALE"},"content":{"rendered":"<p class=\"\" data-start=\"198\" data-end=\"513\">A v\u00e1lvula globo compacta EALE \u00e9 indicada para uso em redes de hidrantes, proporcionando controle eficaz do fluxo de \u00e1gua em sistemas de combate a inc\u00eandio. Seu design compacto facilita a instala\u00e7\u00e3o em espa\u00e7os reduzidos, mantendo alto desempenho, veda\u00e7\u00e3o eficiente e durabilidade em ambientes prediais e industriais.<\/p>\n<p class=\"\" data-start=\"198\" data-end=\"513\"><strong data-start=\"517\" data-end=\"577\">Consultar medidas no momento da cota\u00e7\u00e3o via WhatsApp.<\/strong><\/p>\n","protected":false},"excerpt":{"rendered":"<p>A v\u00e1lvula globo compacta EALE \u00e9 indicada para uso em redes de hidrantes, proporcionando controle eficaz do fluxo de \u00e1gua em sistemas de combate a inc\u00eandio. Seu design compacto facilita a instala\u00e7\u00e3o em espa\u00e7os reduzidos, mantendo alto desempenho, veda\u00e7\u00e3o eficiente e durabilidade em ambientes prediais e industriais. Consultar medidas no momento da cota\u00e7\u00e3o via WhatsApp.<\/p>\n","protected":false},"featured_media":4137,"template":"","meta":{"_joinchat":[]},"product_brand":[],"product_cat":[268,85],"product_tag":[],"class_list":{"0":"post-4136","1":"product","2":"type-product","3":"status-publish","4":"has-post-thumbnail","6":"product_cat-rede-de-incendio","7":"product_cat-valvula","9":"first","10":"instock","11":"shipping-taxable","12":"purchasable","13":"product-type-simple"},"_links":{"self":[{"href":"https:\/\/paraferro.com.br\/loja\/wp-json\/wp\/v2\/product\/4136","targetHints":{"allow":["GET"]}}],"collection":[{"href":"https:\/\/paraferro.com.br\/loja\/wp-json\/wp\/v2\/product"}],"about":[{"href":"https:\/\/paraferro.com.br\/loja\/wp-json\/wp\/v2\/types\/product"}],"wp:featuredmedia":[{"embeddable":true,"href":"https:\/\/paraferro.com.br\/loja\/wp-json\/wp\/v2\/media\/4137"}],"wp:attachment":[{"href":"https:\/\/paraferro.com.br\/loja\/wp-json\/wp\/v2\/media?parent=4136"}],"wp:term":[{"taxonomy":"product_brand","embeddable":true,"href":"https:\/\/paraferro.com.br\/loja\/wp-json\/wp\/v2\/product_brand?post=4136"},{"taxonomy":"product_cat","embeddable":true,"href":"https:\/\/paraferro.com.br\/loja\/wp-json\/wp\/v2\/product_cat?post=4136"},{"taxonomy":"product_tag","embeddable":true,"href":"https:\/\/paraferro.com.br\/loja\/wp-json\/wp\/v2\/product_tag?post=4136"}],"curies":[{"name":"wp","href":"https:\/\/api.w.org\/{rel}","templated":true}]}}