{"id":3743,"date":"2019-09-03T15:28:17","date_gmt":"2019-09-03T18:28:17","guid":{"rendered":"http:\/\/paraferro.com.br\/loja\/?post_type=product&#038;p=3743"},"modified":"2025-05-18T13:27:11","modified_gmt":"2025-05-18T16:27:11","slug":"tela-moeda-aco-inox","status":"publish","type":"product","link":"https:\/\/paraferro.com.br\/loja\/produto\/tela-moeda-aco-inox\/","title":{"rendered":"TELA MOEDA ACO INOX"},"content":{"rendered":"<p><span class=\"OYPEnA font-feature-liga-off font-feature-clig-off font-feature-calt-off text-decoration-none text-strikethrough-none\">A tela moeda inox \u00e9 uma malha met\u00e1lica de a\u00e7o inoxid\u00e1vel, resistente \u00e0 corros\u00e3o e f\u00e1cil de manter. Seu design moderno e funcional a torna ideal para prote\u00e7\u00e3o de m\u00e1quinas, fachadas, ind\u00fastria aliment\u00edcia e filtros industriais. Dur\u00e1vel e vers\u00e1til, \u00e9 a escolha perfeita para quem busca seguran\u00e7a e sofistica\u00e7\u00e3o.<\/span><\/p>\n","protected":false},"excerpt":{"rendered":"<p>A tela moeda inox \u00e9 uma malha met\u00e1lica de a\u00e7o inoxid\u00e1vel, resistente \u00e0 corros\u00e3o e f\u00e1cil de manter. Seu design moderno e funcional a torna ideal para prote\u00e7\u00e3o de m\u00e1quinas, fachadas, ind\u00fastria aliment\u00edcia e filtros industriais. Dur\u00e1vel e vers\u00e1til, \u00e9 a escolha perfeita para quem busca seguran\u00e7a e sofistica\u00e7\u00e3o.<\/p>\n","protected":false},"featured_media":15087,"template":"","meta":{"_joinchat":[]},"product_brand":[],"product_cat":[128],"product_tag":[],"class_list":{"0":"post-3743","1":"product","2":"type-product","3":"status-publish","4":"has-post-thumbnail","6":"product_cat-arruela","8":"first","9":"instock","10":"shipping-taxable","11":"purchasable","12":"product-type-variable"},"_links":{"self":[{"href":"https:\/\/paraferro.com.br\/loja\/wp-json\/wp\/v2\/product\/3743","targetHints":{"allow":["GET"]}}],"collection":[{"href":"https:\/\/paraferro.com.br\/loja\/wp-json\/wp\/v2\/product"}],"about":[{"href":"https:\/\/paraferro.com.br\/loja\/wp-json\/wp\/v2\/types\/product"}],"wp:featuredmedia":[{"embeddable":true,"href":"https:\/\/paraferro.com.br\/loja\/wp-json\/wp\/v2\/media\/15087"}],"wp:attachment":[{"href":"https:\/\/paraferro.com.br\/loja\/wp-json\/wp\/v2\/media?parent=3743"}],"wp:term":[{"taxonomy":"product_brand","embeddable":true,"href":"https:\/\/paraferro.com.br\/loja\/wp-json\/wp\/v2\/product_brand?post=3743"},{"taxonomy":"product_cat","embeddable":true,"href":"https:\/\/paraferro.com.br\/loja\/wp-json\/wp\/v2\/product_cat?post=3743"},{"taxonomy":"product_tag","embeddable":true,"href":"https:\/\/paraferro.com.br\/loja\/wp-json\/wp\/v2\/product_tag?post=3743"}],"curies":[{"name":"wp","href":"https:\/\/api.w.org\/{rel}","templated":true}]}}