{"id":3535,"date":"2019-08-27T17:56:32","date_gmt":"2019-08-27T20:56:32","guid":{"rendered":"http:\/\/paraferro.com.br\/loja\/produto\/caixa-mola-galvanizada-aco-do-vale-60mts\/"},"modified":"2025-07-21T11:25:11","modified_gmt":"2025-07-21T14:25:11","slug":"caixa-mola","status":"publish","type":"product","link":"https:\/\/paraferro.com.br\/loja\/produto\/caixa-mola\/","title":{"rendered":"CAIXA DE MOLA"},"content":{"rendered":"<p><span class=\"OYPEnA font-feature-liga-off font-feature-clig-off font-feature-calt-off text-decoration-none text-strikethrough-none\">Estrutura met\u00e1lica que abriga molas de a\u00e7o, usada principalmente em port\u00f5es basculantes. Garante controle de for\u00e7a, seguran\u00e7a, durabilidade e facilita a manuten\u00e7\u00e3o do sistema.<\/span><\/p>\n","protected":false},"excerpt":{"rendered":"<p>Estrutura met\u00e1lica que abriga molas de a\u00e7o, usada principalmente em port\u00f5es basculantes. Garante controle de for\u00e7a, seguran\u00e7a, durabilidade e facilita a manuten\u00e7\u00e3o do sistema.<\/p>\n","protected":false},"featured_media":16680,"template":"","meta":{"_joinchat":[]},"product_brand":[],"product_cat":[231],"product_tag":[],"class_list":{"0":"post-3535","1":"product","2":"type-product","3":"status-publish","4":"has-post-thumbnail","6":"product_cat-caixa-mola","8":"first","9":"instock","10":"shipping-taxable","11":"purchasable","12":"product-type-variable"},"_links":{"self":[{"href":"https:\/\/paraferro.com.br\/loja\/wp-json\/wp\/v2\/product\/3535","targetHints":{"allow":["GET"]}}],"collection":[{"href":"https:\/\/paraferro.com.br\/loja\/wp-json\/wp\/v2\/product"}],"about":[{"href":"https:\/\/paraferro.com.br\/loja\/wp-json\/wp\/v2\/types\/product"}],"wp:featuredmedia":[{"embeddable":true,"href":"https:\/\/paraferro.com.br\/loja\/wp-json\/wp\/v2\/media\/16680"}],"wp:attachment":[{"href":"https:\/\/paraferro.com.br\/loja\/wp-json\/wp\/v2\/media?parent=3535"}],"wp:term":[{"taxonomy":"product_brand","embeddable":true,"href":"https:\/\/paraferro.com.br\/loja\/wp-json\/wp\/v2\/product_brand?post=3535"},{"taxonomy":"product_cat","embeddable":true,"href":"https:\/\/paraferro.com.br\/loja\/wp-json\/wp\/v2\/product_cat?post=3535"},{"taxonomy":"product_tag","embeddable":true,"href":"https:\/\/paraferro.com.br\/loja\/wp-json\/wp\/v2\/product_tag?post=3535"}],"curies":[{"name":"wp","href":"https:\/\/api.w.org\/{rel}","templated":true}]}}