{"id":3458,"date":"2019-08-27T17:56:19","date_gmt":"2019-08-27T20:56:19","guid":{"rendered":"http:\/\/paraferro.com.br\/loja\/produto\/arame-galvanizado-rev-tellacor-azul-250mmm-1kg\/"},"modified":"2025-05-05T15:35:31","modified_gmt":"2025-05-05T18:35:31","slug":"arame-revestido","status":"publish","type":"product","link":"https:\/\/paraferro.com.br\/loja\/produto\/arame-revestido\/","title":{"rendered":"ARAME REVESTIDO"},"content":{"rendered":"<p><span class=\"OYPEnA font-feature-liga-off font-feature-clig-off font-feature-calt-off text-decoration-none text-strikethrough-none\">S\u00e3o arames que recebem revestimento de PVC ou polietileno, que aumentam a prote\u00e7\u00e3o contra a corros\u00e3o e a vida \u00fatil do arame, al\u00e9m de proporcionar acabamento colorido ao produto final ao qual se destina o arame. S\u00e3o utilizados como mat\u00e9ria-prima para a fabrica\u00e7\u00e3o de telas de alambrado, telas art\u00edsticas, telas onduladas, cabides, entre in\u00fameros outros produtos.<\/span><\/p>\n<p><strong>Medidas:<\/strong><\/p>\n<div>\n<table style=\"height: 154px;\" width=\"786\">\n<tbody>\n<tr>\n<td>\n<div>\n<p>Cores<\/p>\n<\/div>\n<\/td>\n<td>\n<div>\n<p>Bitola<\/p>\n<\/div>\n<\/td>\n<td>\n<div>\n<p>MM<\/p>\n<\/div>\n<\/td>\n<\/tr>\n<tr>\n<td>\n<div>\n<p>Dispon\u00edveis nas cores:<\/p>\n<\/div>\n<div>\n<p>azul, verde e branco.<\/p>\n<\/div>\n<\/td>\n<td>\n<div>\n<p>1\/4\u201d<\/p>\n<\/div>\n<\/td>\n<td>\n<div>\n<p>6.30mm<\/p>\n<\/div>\n<\/td>\n<\/tr>\n<\/tbody>\n<\/table>\n<\/div>\n","protected":false},"excerpt":{"rendered":"<p>S\u00e3o arames que recebem revestimento de PVC ou polietileno, que aumentam a prote\u00e7\u00e3o contra a corros\u00e3o e a vida \u00fatil do arame, al\u00e9m de proporcionar acabamento colorido ao produto final ao qual se destina o arame. S\u00e3o utilizados como mat\u00e9ria-prima para a fabrica\u00e7\u00e3o de telas de alambrado, telas art\u00edsticas, telas onduladas, cabides, entre in\u00fameros outros produtos. Medidas: Cores Bitola MM Dispon\u00edveis nas cores: azul, verde e branco. 1\/4\u201d 6.30mm<\/p>\n","protected":false},"featured_media":14562,"template":"","meta":{"_joinchat":[]},"product_brand":[],"product_cat":[226],"product_tag":[],"class_list":{"0":"post-3458","1":"product","2":"type-product","3":"status-publish","4":"has-post-thumbnail","6":"product_cat-arame-revestido","8":"first","9":"instock","10":"shipping-taxable","11":"purchasable","12":"product-type-variable"},"_links":{"self":[{"href":"https:\/\/paraferro.com.br\/loja\/wp-json\/wp\/v2\/product\/3458","targetHints":{"allow":["GET"]}}],"collection":[{"href":"https:\/\/paraferro.com.br\/loja\/wp-json\/wp\/v2\/product"}],"about":[{"href":"https:\/\/paraferro.com.br\/loja\/wp-json\/wp\/v2\/types\/product"}],"wp:featuredmedia":[{"embeddable":true,"href":"https:\/\/paraferro.com.br\/loja\/wp-json\/wp\/v2\/media\/14562"}],"wp:attachment":[{"href":"https:\/\/paraferro.com.br\/loja\/wp-json\/wp\/v2\/media?parent=3458"}],"wp:term":[{"taxonomy":"product_brand","embeddable":true,"href":"https:\/\/paraferro.com.br\/loja\/wp-json\/wp\/v2\/product_brand?post=3458"},{"taxonomy":"product_cat","embeddable":true,"href":"https:\/\/paraferro.com.br\/loja\/wp-json\/wp\/v2\/product_cat?post=3458"},{"taxonomy":"product_tag","embeddable":true,"href":"https:\/\/paraferro.com.br\/loja\/wp-json\/wp\/v2\/product_tag?post=3458"}],"curies":[{"name":"wp","href":"https:\/\/api.w.org\/{rel}","templated":true}]}}

<p><span class="OYPEnA font-feature-liga-off font-feature-clig-off font-feature-calt-off text-decoration-none text-strikethrough-none">São arames que recebem revestimento de PVC ou polietileno, que aumentam a proteção contra a corrosão e a vida útil do arame, além de proporcionar acabamento colorido ao produto final ao qual se destina o arame. São utilizados como matéria-prima para a fabricação de telas de alambrado, telas artísticas, telas onduladas, cabides, entre inúmeros outros produtos.</span></p>
<p><strong>Medidas:</strong></p>
<div>
<table style="height: 154px;" width="786">
<tbody>
<tr>
<td>
<div>
<p>Cores</p>
</div>
</td>
<td>
<div>
<p>Bitola</p>
</div>
</td>
<td>
<div>
<p>MM</p>
</div>
</td>
</tr>
<tr>
<td>
<div>
<p>Disponíveis nas cores:</p>
</div>
<div>
<p>azul, verde e branco.</p>
</div>
</td>
<td>
<div>
<p>1/4”</p>
</div>
</td>
<td>
<div>
<p>6.30mm</p>
</div>
</td>
</tr>
</tbody>
</table>
</div>

<p>São arames que recebem revestimento de PVC ou polietileno, que aumentam a proteção contra a corrosão e a vida útil do arame, além de proporcionar acabamento colorido ao produto final ao qual se destina o arame. São utilizados como matéria-prima para a fabricação de telas de alambrado, telas artísticas, telas onduladas, cabides, entre inúmeros outros produtos. Medidas: Cores Bitola MM Disponíveis nas cores: azul, verde e branco. 1/4” 6.30mm</p>
