{"id":3410,"date":"2019-08-27T17:56:11","date_gmt":"2019-08-27T20:56:11","guid":{"rendered":"http:\/\/paraferro.com.br\/loja\/produto\/suporte-p-extintor-po-4kg-po-6kg-chapa-aco-cod-1718\/"},"modified":"2025-05-12T11:14:31","modified_gmt":"2025-05-12T14:14:31","slug":"suporte-p-extintor-po-4kg-po-6kg-chapa-aco","status":"publish","type":"product","link":"https:\/\/paraferro.com.br\/loja\/produto\/suporte-p-extintor-po-4kg-po-6kg-chapa-aco\/","title":{"rendered":"Suporte para Extintor P\u00f3 4kg \/ 6kg (Chapa de A\u00e7o)"},"content":{"rendered":"<p class=\"\" data-start=\"210\" data-end=\"478\">O suporte para extintores de p\u00f3 qu\u00edmico 4kg e 6kg \u00e9 fabricado em chapa de a\u00e7o resistente, garantindo estabilidade e fixa\u00e7\u00e3o segura do equipamento em paredes ou estruturas. Ideal para ambientes que exigem organiza\u00e7\u00e3o e f\u00e1cil acesso aos extintores em caso de emerg\u00eancia.<\/p>\n<p class=\"\" data-start=\"210\" data-end=\"478\"><strong data-start=\"482\" data-end=\"542\">Consultar medidas no momento da cota\u00e7\u00e3o via WhatsApp.<\/strong><\/p>\n","protected":false},"excerpt":{"rendered":"<p>O suporte para extintores de p\u00f3 qu\u00edmico 4kg e 6kg \u00e9 fabricado em chapa de a\u00e7o resistente, garantindo estabilidade e fixa\u00e7\u00e3o segura do equipamento em paredes ou estruturas. Ideal para ambientes que exigem organiza\u00e7\u00e3o e f\u00e1cil acesso aos extintores em caso de emerg\u00eancia. Consultar medidas no momento da cota\u00e7\u00e3o via WhatsApp.<\/p>\n","protected":false},"featured_media":3203,"template":"","meta":{"_joinchat":[]},"product_brand":[],"product_cat":[268,210],"product_tag":[],"class_list":{"0":"post-3410","1":"product","2":"type-product","3":"status-publish","4":"has-post-thumbnail","6":"product_cat-rede-de-incendio","7":"product_cat-suporte","9":"first","10":"instock","11":"shipping-taxable","12":"purchasable","13":"product-type-simple"},"_links":{"self":[{"href":"https:\/\/paraferro.com.br\/loja\/wp-json\/wp\/v2\/product\/3410","targetHints":{"allow":["GET"]}}],"collection":[{"href":"https:\/\/paraferro.com.br\/loja\/wp-json\/wp\/v2\/product"}],"about":[{"href":"https:\/\/paraferro.com.br\/loja\/wp-json\/wp\/v2\/types\/product"}],"wp:featuredmedia":[{"embeddable":true,"href":"https:\/\/paraferro.com.br\/loja\/wp-json\/wp\/v2\/media\/3203"}],"wp:attachment":[{"href":"https:\/\/paraferro.com.br\/loja\/wp-json\/wp\/v2\/media?parent=3410"}],"wp:term":[{"taxonomy":"product_brand","embeddable":true,"href":"https:\/\/paraferro.com.br\/loja\/wp-json\/wp\/v2\/product_brand?post=3410"},{"taxonomy":"product_cat","embeddable":true,"href":"https:\/\/paraferro.com.br\/loja\/wp-json\/wp\/v2\/product_cat?post=3410"},{"taxonomy":"product_tag","embeddable":true,"href":"https:\/\/paraferro.com.br\/loja\/wp-json\/wp\/v2\/product_tag?post=3410"}],"curies":[{"name":"wp","href":"https:\/\/api.w.org\/{rel}","templated":true}]}}