{"id":2594,"date":"2019-08-26T14:40:01","date_gmt":"2019-08-26T17:40:01","guid":{"rendered":"http:\/\/paraferro.com.br\/loja\/produto\/valvula-retencao-2-1-2-vertical-dn-65-docol\/"},"modified":"2025-07-21T11:08:28","modified_gmt":"2025-07-21T14:08:28","slug":"valvula-retencao","status":"publish","type":"product","link":"https:\/\/paraferro.com.br\/loja\/produto\/valvula-retencao\/","title":{"rendered":"V\u00e1lvula de Reten\u00e7\u00e3o"},"content":{"rendered":"<p><span class=\"OYPEnA font-feature-liga-off font-feature-clig-off font-feature-calt-off text-decoration-none text-strikethrough-none\">A v\u00e1lvula de reten\u00e7\u00e3o permite que a \u00e1gua circule em apenas um sentido, impedindo o refluxo no sistema de inc\u00eandio. Protege bombas e tubula\u00e7\u00f5es, garantindo o funcionamento seguro e eficiente da rede.<\/span><\/p>\n","protected":false},"excerpt":{"rendered":"<p>A v\u00e1lvula de reten\u00e7\u00e3o permite que a \u00e1gua circule em apenas um sentido, impedindo o refluxo no sistema de inc\u00eandio. Protege bombas e tubula\u00e7\u00f5es, garantindo o funcionamento seguro e eficiente da rede.<\/p>\n","protected":false},"featured_media":4087,"template":"","meta":{"_joinchat":[]},"product_brand":[],"product_cat":[268,85,90],"product_tag":[],"class_list":{"0":"post-2594","1":"product","2":"type-product","3":"status-publish","4":"has-post-thumbnail","6":"product_cat-rede-de-incendio","7":"product_cat-valvula","8":"product_cat-valvulas","10":"first","11":"instock","12":"shipping-taxable","13":"purchasable","14":"product-type-variable"},"_links":{"self":[{"href":"https:\/\/paraferro.com.br\/loja\/wp-json\/wp\/v2\/product\/2594","targetHints":{"allow":["GET"]}}],"collection":[{"href":"https:\/\/paraferro.com.br\/loja\/wp-json\/wp\/v2\/product"}],"about":[{"href":"https:\/\/paraferro.com.br\/loja\/wp-json\/wp\/v2\/types\/product"}],"wp:featuredmedia":[{"embeddable":true,"href":"https:\/\/paraferro.com.br\/loja\/wp-json\/wp\/v2\/media\/4087"}],"wp:attachment":[{"href":"https:\/\/paraferro.com.br\/loja\/wp-json\/wp\/v2\/media?parent=2594"}],"wp:term":[{"taxonomy":"product_brand","embeddable":true,"href":"https:\/\/paraferro.com.br\/loja\/wp-json\/wp\/v2\/product_brand?post=2594"},{"taxonomy":"product_cat","embeddable":true,"href":"https:\/\/paraferro.com.br\/loja\/wp-json\/wp\/v2\/product_cat?post=2594"},{"taxonomy":"product_tag","embeddable":true,"href":"https:\/\/paraferro.com.br\/loja\/wp-json\/wp\/v2\/product_tag?post=2594"}],"curies":[{"name":"wp","href":"https:\/\/api.w.org\/{rel}","templated":true}]}}