{"id":2571,"date":"2019-08-26T14:39:57","date_gmt":"2019-08-26T17:39:57","guid":{"rendered":"http:\/\/paraferro.com.br\/loja\/produto\/valvula-esperica-1-1-4-dn-32-cromado-pass-plena\/"},"modified":"2025-05-12T11:48:20","modified_gmt":"2025-05-12T14:48:20","slug":"valvula-esperica-dn-32-cromado-pass-plena","status":"publish","type":"product","link":"https:\/\/paraferro.com.br\/loja\/produto\/valvula-esperica-dn-32-cromado-pass-plena\/","title":{"rendered":"V\u00e1lvula Esf\u00e9rica DN 32 Cromada \u2013 Passagem Plena"},"content":{"rendered":"<p class=\"\" data-start=\"194\" data-end=\"497\">A v\u00e1lvula esf\u00e9rica DN 32 com acabamento cromado \u00e9 ideal para aplica\u00e7\u00f5es hidr\u00e1ulicas que exigem controle r\u00e1pido e eficiente do fluxo. Com passagem plena, permite o escoamento total do fluido sem restri\u00e7\u00f5es, reduzindo perda de carga. Seu acabamento proporciona resist\u00eancia \u00e0 corros\u00e3o e longa durabilidade.<\/p>\n<p class=\"\" data-start=\"194\" data-end=\"497\"><strong data-start=\"501\" data-end=\"561\">Consultar medidas no momento da cota\u00e7\u00e3o via WhatsApp.<\/strong><\/p>\n","protected":false},"excerpt":{"rendered":"<p>A v\u00e1lvula esf\u00e9rica DN 32 com acabamento cromado \u00e9 ideal para aplica\u00e7\u00f5es hidr\u00e1ulicas que exigem controle r\u00e1pido e eficiente do fluxo. Com passagem plena, permite o escoamento total do fluido sem restri\u00e7\u00f5es, reduzindo perda de carga. Seu acabamento proporciona resist\u00eancia \u00e0 corros\u00e3o e longa durabilidade. Consultar medidas no momento da cota\u00e7\u00e3o via WhatsApp.<\/p>\n","protected":false},"featured_media":4085,"template":"","meta":{"_joinchat":[]},"product_brand":[],"product_cat":[268,85,90],"product_tag":[],"class_list":{"0":"post-2571","1":"product","2":"type-product","3":"status-publish","4":"has-post-thumbnail","6":"product_cat-rede-de-incendio","7":"product_cat-valvula","8":"product_cat-valvulas","10":"first","11":"instock","12":"shipping-taxable","13":"purchasable","14":"product-type-simple"},"_links":{"self":[{"href":"https:\/\/paraferro.com.br\/loja\/wp-json\/wp\/v2\/product\/2571","targetHints":{"allow":["GET"]}}],"collection":[{"href":"https:\/\/paraferro.com.br\/loja\/wp-json\/wp\/v2\/product"}],"about":[{"href":"https:\/\/paraferro.com.br\/loja\/wp-json\/wp\/v2\/types\/product"}],"wp:featuredmedia":[{"embeddable":true,"href":"https:\/\/paraferro.com.br\/loja\/wp-json\/wp\/v2\/media\/4085"}],"wp:attachment":[{"href":"https:\/\/paraferro.com.br\/loja\/wp-json\/wp\/v2\/media?parent=2571"}],"wp:term":[{"taxonomy":"product_brand","embeddable":true,"href":"https:\/\/paraferro.com.br\/loja\/wp-json\/wp\/v2\/product_brand?post=2571"},{"taxonomy":"product_cat","embeddable":true,"href":"https:\/\/paraferro.com.br\/loja\/wp-json\/wp\/v2\/product_cat?post=2571"},{"taxonomy":"product_tag","embeddable":true,"href":"https:\/\/paraferro.com.br\/loja\/wp-json\/wp\/v2\/product_tag?post=2571"}],"curies":[{"name":"wp","href":"https:\/\/api.w.org\/{rel}","templated":true}]}}