{"id":2448,"date":"2019-08-26T14:39:38","date_gmt":"2019-08-26T17:39:38","guid":{"rendered":"http:\/\/paraferro.com.br\/loja\/produto\/tampao-storz-2-1-2-c-corrente\/"},"modified":"2025-05-12T11:22:11","modified_gmt":"2025-05-12T14:22:11","slug":"tampao-storz-c-corrente","status":"publish","type":"product","link":"https:\/\/paraferro.com.br\/loja\/produto\/tampao-storz-c-corrente\/","title":{"rendered":"TAMPAO STORZ C\/CORRENTE"},"content":{"rendered":"<p class=\"\" data-start=\"150\" data-end=\"477\">O tamp\u00e3o Storz com corrente \u00e9 utilizado para vedar conex\u00f5es Storz em redes de combate a inc\u00eandio, evitando entrada de sujeiras, umidade e danos aos acoplamentos. A corrente met\u00e1lica integrada mant\u00e9m o tamp\u00e3o preso ao sistema, garantindo seguran\u00e7a e agilidade na opera\u00e7\u00e3o. Ideal para hidrantes, v\u00e1lvulas e equipamentos diversos.<\/p>\n<p class=\"\" data-start=\"150\" data-end=\"477\"><strong data-start=\"481\" data-end=\"541\">Consultar medidas no momento da cota\u00e7\u00e3o via WhatsApp.<\/strong><\/p>\n","protected":false},"excerpt":{"rendered":"<p>O tamp\u00e3o Storz com corrente \u00e9 utilizado para vedar conex\u00f5es Storz em redes de combate a inc\u00eandio, evitando entrada de sujeiras, umidade e danos aos acoplamentos. A corrente met\u00e1lica integrada mant\u00e9m o tamp\u00e3o preso ao sistema, garantindo seguran\u00e7a e agilidade na opera\u00e7\u00e3o. Ideal para hidrantes, v\u00e1lvulas e equipamentos diversos. Consultar medidas no momento da cota\u00e7\u00e3o via WhatsApp.<\/p>\n","protected":false},"featured_media":4910,"template":"","meta":{"_joinchat":[]},"product_brand":[],"product_cat":[268,290,269],"product_tag":[],"class_list":{"0":"post-2448","1":"product","2":"type-product","3":"status-publish","4":"has-post-thumbnail","6":"product_cat-rede-de-incendio","7":"product_cat-tampao-storz","8":"product_cat-tee-rede-de-incendio","10":"first","11":"instock","12":"shipping-taxable","13":"purchasable","14":"product-type-simple"},"_links":{"self":[{"href":"https:\/\/paraferro.com.br\/loja\/wp-json\/wp\/v2\/product\/2448","targetHints":{"allow":["GET"]}}],"collection":[{"href":"https:\/\/paraferro.com.br\/loja\/wp-json\/wp\/v2\/product"}],"about":[{"href":"https:\/\/paraferro.com.br\/loja\/wp-json\/wp\/v2\/types\/product"}],"wp:featuredmedia":[{"embeddable":true,"href":"https:\/\/paraferro.com.br\/loja\/wp-json\/wp\/v2\/media\/4910"}],"wp:attachment":[{"href":"https:\/\/paraferro.com.br\/loja\/wp-json\/wp\/v2\/media?parent=2448"}],"wp:term":[{"taxonomy":"product_brand","embeddable":true,"href":"https:\/\/paraferro.com.br\/loja\/wp-json\/wp\/v2\/product_brand?post=2448"},{"taxonomy":"product_cat","embeddable":true,"href":"https:\/\/paraferro.com.br\/loja\/wp-json\/wp\/v2\/product_cat?post=2448"},{"taxonomy":"product_tag","embeddable":true,"href":"https:\/\/paraferro.com.br\/loja\/wp-json\/wp\/v2\/product_tag?post=2448"}],"curies":[{"name":"wp","href":"https:\/\/api.w.org\/{rel}","templated":true}]}}