{"id":2375,"date":"2019-08-26T14:39:28","date_gmt":"2019-08-26T17:39:28","guid":{"rendered":"http:\/\/paraferro.com.br\/loja\/produto\/luva-lisa-3-4-rosca-total-importado\/"},"modified":"2025-06-09T11:00:07","modified_gmt":"2025-06-09T14:00:07","slug":"luva-galvanizada","status":"publish","type":"product","link":"https:\/\/paraferro.com.br\/loja\/produto\/luva-galvanizada\/","title":{"rendered":"LUVA GALVANIZADA"},"content":{"rendered":"<p><span class=\"OYPEnA font-feature-liga-off font-feature-clig-off font-feature-calt-off text-decoration-none text-strikethrough-none\">A luva \u00e9 usada para unir dois tubos, garantindo o alinhamento e a continuidade da tubula\u00e7\u00e3o. Oferece seguran\u00e7a, veda\u00e7\u00e3o e praticidade na montagem e manuten\u00e7\u00e3o dos sistemas.<\/span><\/p>\n","protected":false},"excerpt":{"rendered":"<p>A luva \u00e9 usada para unir dois tubos, garantindo o alinhamento e a continuidade da tubula\u00e7\u00e3o. Oferece seguran\u00e7a, veda\u00e7\u00e3o e praticidade na montagem e manuten\u00e7\u00e3o dos sistemas.<\/p>\n","protected":false},"featured_media":2320,"template":"","meta":{"_joinchat":[]},"product_brand":[],"product_cat":[82],"product_tag":[],"class_list":{"0":"post-2375","1":"product","2":"type-product","3":"status-publish","4":"has-post-thumbnail","6":"product_cat-luva","8":"first","9":"instock","10":"shipping-taxable","11":"purchasable","12":"product-type-variable"},"_links":{"self":[{"href":"https:\/\/paraferro.com.br\/loja\/wp-json\/wp\/v2\/product\/2375","targetHints":{"allow":["GET"]}}],"collection":[{"href":"https:\/\/paraferro.com.br\/loja\/wp-json\/wp\/v2\/product"}],"about":[{"href":"https:\/\/paraferro.com.br\/loja\/wp-json\/wp\/v2\/types\/product"}],"wp:featuredmedia":[{"embeddable":true,"href":"https:\/\/paraferro.com.br\/loja\/wp-json\/wp\/v2\/media\/2320"}],"wp:attachment":[{"href":"https:\/\/paraferro.com.br\/loja\/wp-json\/wp\/v2\/media?parent=2375"}],"wp:term":[{"taxonomy":"product_brand","embeddable":true,"href":"https:\/\/paraferro.com.br\/loja\/wp-json\/wp\/v2\/product_brand?post=2375"},{"taxonomy":"product_cat","embeddable":true,"href":"https:\/\/paraferro.com.br\/loja\/wp-json\/wp\/v2\/product_cat?post=2375"},{"taxonomy":"product_tag","embeddable":true,"href":"https:\/\/paraferro.com.br\/loja\/wp-json\/wp\/v2\/product_tag?post=2375"}],"curies":[{"name":"wp","href":"https:\/\/api.w.org\/{rel}","templated":true}]}}