{"id":2069,"date":"2019-08-26T11:39:47","date_gmt":"2019-08-26T14:39:47","guid":{"rendered":"http:\/\/paraferro.com.br\/loja\/produto\/telha-incolor-ondulada-6-x-110-x-1mm-transparente\/"},"modified":"2025-06-09T15:24:07","modified_gmt":"2025-06-09T18:24:07","slug":"telha-incolor","status":"publish","type":"product","link":"https:\/\/paraferro.com.br\/loja\/produto\/telha-incolor\/","title":{"rendered":"TELHA  INCOLOR"},"content":{"rendered":"<p><span class=\"OYPEnA font-feature-liga-off font-feature-clig-off font-feature-calt-off text-decoration-none text-strikethrough-none\">As Telhas incolor indicadas por gerar economia de energia e bloquear entrada de raios UV, o produto suporta varia\u00e7\u00f5es de temperatura sem sofrer deforma\u00e7\u00e3o. S\u00e3o especialmente indicadas para obras residenciais, comerciais e industriais.<\/span><\/p>\n<p>&nbsp;<\/p>\n","protected":false},"excerpt":{"rendered":"<p>As Telhas incolor indicadas por gerar economia de energia e bloquear entrada de raios UV, o produto suporta varia\u00e7\u00f5es de temperatura sem sofrer deforma\u00e7\u00e3o. S\u00e3o especialmente indicadas para obras residenciais, comerciais e industriais. &nbsp;<\/p>\n","protected":false},"featured_media":14272,"template":"","meta":{"_joinchat":[]},"product_brand":[],"product_cat":[122],"product_tag":[],"class_list":{"0":"post-2069","1":"product","2":"type-product","3":"status-publish","4":"has-post-thumbnail","6":"product_cat-telhas","8":"first","9":"instock","10":"shipping-taxable","11":"purchasable","12":"product-type-variable"},"_links":{"self":[{"href":"https:\/\/paraferro.com.br\/loja\/wp-json\/wp\/v2\/product\/2069","targetHints":{"allow":["GET"]}}],"collection":[{"href":"https:\/\/paraferro.com.br\/loja\/wp-json\/wp\/v2\/product"}],"about":[{"href":"https:\/\/paraferro.com.br\/loja\/wp-json\/wp\/v2\/types\/product"}],"wp:featuredmedia":[{"embeddable":true,"href":"https:\/\/paraferro.com.br\/loja\/wp-json\/wp\/v2\/media\/14272"}],"wp:attachment":[{"href":"https:\/\/paraferro.com.br\/loja\/wp-json\/wp\/v2\/media?parent=2069"}],"wp:term":[{"taxonomy":"product_brand","embeddable":true,"href":"https:\/\/paraferro.com.br\/loja\/wp-json\/wp\/v2\/product_brand?post=2069"},{"taxonomy":"product_cat","embeddable":true,"href":"https:\/\/paraferro.com.br\/loja\/wp-json\/wp\/v2\/product_cat?post=2069"},{"taxonomy":"product_tag","embeddable":true,"href":"https:\/\/paraferro.com.br\/loja\/wp-json\/wp\/v2\/product_tag?post=2069"}],"curies":[{"name":"wp","href":"https:\/\/api.w.org\/{rel}","templated":true}]}}