{"id":2065,"date":"2019-08-26T11:39:47","date_gmt":"2019-08-26T14:39:47","guid":{"rendered":"http:\/\/paraferro.com.br\/loja\/produto\/telha-galvalume-ondulada-043mm-6-x-992mm-csn\/"},"modified":"2025-06-09T15:29:47","modified_gmt":"2025-06-09T18:29:47","slug":"telha-galvalume","status":"publish","type":"product","link":"https:\/\/paraferro.com.br\/loja\/produto\/telha-galvalume\/","title":{"rendered":"TELHA GALVALUME"},"content":{"rendered":"<p><span class=\"OYPEnA font-feature-liga-off font-feature-clig-off font-feature-calt-off text-decoration-none text-strikethrough-none\">Ao optar pela resist\u00eancia e qualidade da cumeeira galvalume, \u00e9 importante utilizar em sua constru\u00e7\u00e3o uma telha que tamb\u00e9m possua essas caracter\u00edsticas. Por isso, a melhor op\u00e7\u00e3o \u00e9 a telha galvalume. A Telha Galvalume \u00e9 um produto leve, resistente e de alta durabilidade.<\/span><\/p>\n<p>&nbsp;<\/p>\n","protected":false},"excerpt":{"rendered":"<p>Ao optar pela resist\u00eancia e qualidade da cumeeira galvalume, \u00e9 importante utilizar em sua constru\u00e7\u00e3o uma telha que tamb\u00e9m possua essas caracter\u00edsticas. Por isso, a melhor op\u00e7\u00e3o \u00e9 a telha galvalume. A Telha Galvalume \u00e9 um produto leve, resistente e de alta durabilidade. &nbsp;<\/p>\n","protected":false},"featured_media":14285,"template":"","meta":{"_joinchat":[]},"product_brand":[],"product_cat":[122],"product_tag":[],"class_list":{"0":"post-2065","1":"product","2":"type-product","3":"status-publish","4":"has-post-thumbnail","6":"product_cat-telhas","8":"first","9":"instock","10":"shipping-taxable","11":"purchasable","12":"product-type-variable"},"_links":{"self":[{"href":"https:\/\/paraferro.com.br\/loja\/wp-json\/wp\/v2\/product\/2065","targetHints":{"allow":["GET"]}}],"collection":[{"href":"https:\/\/paraferro.com.br\/loja\/wp-json\/wp\/v2\/product"}],"about":[{"href":"https:\/\/paraferro.com.br\/loja\/wp-json\/wp\/v2\/types\/product"}],"wp:featuredmedia":[{"embeddable":true,"href":"https:\/\/paraferro.com.br\/loja\/wp-json\/wp\/v2\/media\/14285"}],"wp:attachment":[{"href":"https:\/\/paraferro.com.br\/loja\/wp-json\/wp\/v2\/media?parent=2065"}],"wp:term":[{"taxonomy":"product_brand","embeddable":true,"href":"https:\/\/paraferro.com.br\/loja\/wp-json\/wp\/v2\/product_brand?post=2065"},{"taxonomy":"product_cat","embeddable":true,"href":"https:\/\/paraferro.com.br\/loja\/wp-json\/wp\/v2\/product_cat?post=2065"},{"taxonomy":"product_tag","embeddable":true,"href":"https:\/\/paraferro.com.br\/loja\/wp-json\/wp\/v2\/product_tag?post=2065"}],"curies":[{"name":"wp","href":"https:\/\/api.w.org\/{rel}","templated":true}]}}