{"id":1613,"date":"2019-08-26T09:33:10","date_gmt":"2019-08-26T12:33:10","guid":{"rendered":"http:\/\/paraferro.com.br\/loja\/produto\/metalon-galvanizado-80-x-40-ch-11-300mm\/"},"modified":"2025-05-08T13:20:06","modified_gmt":"2025-05-08T16:20:06","slug":"metalon-galvanizado","status":"publish","type":"product","link":"https:\/\/paraferro.com.br\/loja\/produto\/metalon-galvanizado\/","title":{"rendered":"METALON GALVANIZADO"},"content":{"rendered":"<p><span class=\"OYPEnA font-feature-liga-off font-feature-clig-off font-feature-calt-off text-decoration-none text-strikethrough-none\">O metalon galvanizado \u00e9 um tubo de a\u00e7o carbono com costura, de<strong> formato quadrado ou retangular<\/strong>, revestido com zinco. \u00c9 resistente, leve, dur\u00e1vel, antioxidante, anticorrosivo, e resiste bem umidade e deteriora\u00e7\u00e3o, al\u00e9m de ser f\u00e1cil de higienizar.<\/span><\/p>\n<p>&nbsp;<\/p>\n","protected":false},"excerpt":{"rendered":"<p>O metalon galvanizado \u00e9 um tubo de a\u00e7o carbono com costura, de formato quadrado ou retangular, revestido com zinco. \u00c9 resistente, leve, dur\u00e1vel, antioxidante, anticorrosivo, e resiste bem umidade e deteriora\u00e7\u00e3o, al\u00e9m de ser f\u00e1cil de higienizar. &nbsp;<\/p>\n","protected":false},"featured_media":14094,"template":"","meta":{"_joinchat":[]},"product_brand":[],"product_cat":[104],"product_tag":[],"class_list":{"0":"post-1613","1":"product","2":"type-product","3":"status-publish","4":"has-post-thumbnail","6":"product_cat-metalon-galvanizado","8":"first","9":"instock","10":"shipping-taxable","11":"purchasable","12":"product-type-variable","13":"has-default-attributes"},"_links":{"self":[{"href":"https:\/\/paraferro.com.br\/loja\/wp-json\/wp\/v2\/product\/1613","targetHints":{"allow":["GET"]}}],"collection":[{"href":"https:\/\/paraferro.com.br\/loja\/wp-json\/wp\/v2\/product"}],"about":[{"href":"https:\/\/paraferro.com.br\/loja\/wp-json\/wp\/v2\/types\/product"}],"wp:featuredmedia":[{"embeddable":true,"href":"https:\/\/paraferro.com.br\/loja\/wp-json\/wp\/v2\/media\/14094"}],"wp:attachment":[{"href":"https:\/\/paraferro.com.br\/loja\/wp-json\/wp\/v2\/media?parent=1613"}],"wp:term":[{"taxonomy":"product_brand","embeddable":true,"href":"https:\/\/paraferro.com.br\/loja\/wp-json\/wp\/v2\/product_brand?post=1613"},{"taxonomy":"product_cat","embeddable":true,"href":"https:\/\/paraferro.com.br\/loja\/wp-json\/wp\/v2\/product_cat?post=1613"},{"taxonomy":"product_tag","embeddable":true,"href":"https:\/\/paraferro.com.br\/loja\/wp-json\/wp\/v2\/product_tag?post=1613"}],"curies":[{"name":"wp","href":"https:\/\/api.w.org\/{rel}","templated":true}]}}