{"id":1558,"date":"2019-08-26T09:18:07","date_gmt":"2019-08-26T12:18:07","guid":{"rendered":"http:\/\/paraferro.com.br\/loja\/produto\/tubo-preto-patente-411430-nbr8261-ch-12-265mm\/"},"modified":"2025-05-08T15:25:38","modified_gmt":"2025-05-08T18:25:38","slug":"tubo-preto-patente-nbr8261","status":"publish","type":"product","link":"https:\/\/paraferro.com.br\/loja\/produto\/tubo-preto-patente-nbr8261\/","title":{"rendered":"TUBO PRETO PATENTE NBR8261"},"content":{"rendered":"<p><span class=\"OYPEnA font-feature-liga-off font-feature-clig-off font-feature-calt-off text-decoration-none text-strikethrough-none\">O Tubo Preto Patente NBR 8261 \u00e9 fabricado em a\u00e7o carbono resistente, ideal para constru\u00e7\u00e3o, infraestrutura e condu\u00e7\u00e3o de fluidos. Possui alta durabilidade, versatilidade e \u00f3timo custo-benef\u00edcio. Armazenar em local seco garante maior vida \u00fatil.<\/span><\/p>\n<p>&nbsp;<\/p>\n","protected":false},"excerpt":{"rendered":"<p>O Tubo Preto Patente NBR 8261 \u00e9 fabricado em a\u00e7o carbono resistente, ideal para constru\u00e7\u00e3o, infraestrutura e condu\u00e7\u00e3o de fluidos. Possui alta durabilidade, versatilidade e \u00f3timo custo-benef\u00edcio. Armazenar em local seco garante maior vida \u00fatil. &nbsp;<\/p>\n","protected":false},"featured_media":14103,"template":"","meta":{"_joinchat":[]},"product_brand":[],"product_cat":[101],"product_tag":[],"class_list":{"0":"post-1558","1":"product","2":"type-product","3":"status-publish","4":"has-post-thumbnail","6":"product_cat-tubo-preto","8":"first","9":"instock","10":"shipping-taxable","11":"purchasable","12":"product-type-variable"},"_links":{"self":[{"href":"https:\/\/paraferro.com.br\/loja\/wp-json\/wp\/v2\/product\/1558","targetHints":{"allow":["GET"]}}],"collection":[{"href":"https:\/\/paraferro.com.br\/loja\/wp-json\/wp\/v2\/product"}],"about":[{"href":"https:\/\/paraferro.com.br\/loja\/wp-json\/wp\/v2\/types\/product"}],"wp:featuredmedia":[{"embeddable":true,"href":"https:\/\/paraferro.com.br\/loja\/wp-json\/wp\/v2\/media\/14103"}],"wp:attachment":[{"href":"https:\/\/paraferro.com.br\/loja\/wp-json\/wp\/v2\/media?parent=1558"}],"wp:term":[{"taxonomy":"product_brand","embeddable":true,"href":"https:\/\/paraferro.com.br\/loja\/wp-json\/wp\/v2\/product_brand?post=1558"},{"taxonomy":"product_cat","embeddable":true,"href":"https:\/\/paraferro.com.br\/loja\/wp-json\/wp\/v2\/product_cat?post=1558"},{"taxonomy":"product_tag","embeddable":true,"href":"https:\/\/paraferro.com.br\/loja\/wp-json\/wp\/v2\/product_tag?post=1558"}],"curies":[{"name":"wp","href":"https:\/\/api.w.org\/{rel}","templated":true}]}}