{"id":1469,"date":"2019-08-23T17:59:58","date_gmt":"2019-08-23T20:59:58","guid":{"rendered":"http:\/\/paraferro.com.br\/loja\/?post_type=product&#038;p=1469"},"modified":"2025-05-12T14:17:41","modified_gmt":"2025-05-12T17:17:41","slug":"almofada-galvanizada","status":"publish","type":"product","link":"https:\/\/paraferro.com.br\/loja\/produto\/almofada-galvanizada\/","title":{"rendered":"ALMOFADA GALVANIZADA"},"content":{"rendered":"<p class=\"\" data-start=\"188\" data-end=\"520\">A almofada galvanizada \u00e9 utilizada como componente de acabamento e refor\u00e7o em estruturas met\u00e1licas, especialmente em port\u00f5es, grades, corrim\u00e3os e pe\u00e7as de serralheria. Seu acabamento com galvaniza\u00e7\u00e3o proporciona maior resist\u00eancia \u00e0 oxida\u00e7\u00e3o e durabilidade em ambientes internos e externos, garantindo prote\u00e7\u00e3o e est\u00e9tica ao projeto.<\/p>\n<p class=\"\" data-start=\"188\" data-end=\"520\"><strong data-start=\"524\" data-end=\"584\">Consultar medidas no momento da cota\u00e7\u00e3o via WhatsApp.<\/strong><\/p>\n","protected":false},"excerpt":{"rendered":"<p>A almofada galvanizada \u00e9 utilizada como componente de acabamento e refor\u00e7o em estruturas met\u00e1licas, especialmente em port\u00f5es, grades, corrim\u00e3os e pe\u00e7as de serralheria. Seu acabamento com galvaniza\u00e7\u00e3o proporciona maior resist\u00eancia \u00e0 oxida\u00e7\u00e3o e durabilidade em ambientes internos e externos, garantindo prote\u00e7\u00e3o e est\u00e9tica ao projeto. Consultar medidas no momento da cota\u00e7\u00e3o via WhatsApp.<\/p>\n","protected":false},"featured_media":1467,"template":"","meta":{"_joinchat":[]},"product_brand":[],"product_cat":[67,22],"product_tag":[],"class_list":{"0":"post-1469","1":"product","2":"type-product","3":"status-publish","4":"has-post-thumbnail","6":"product_cat-almofada","7":"product_cat-serralheria","9":"first","10":"instock","11":"shipping-taxable","12":"purchasable","13":"product-type-simple"},"_links":{"self":[{"href":"https:\/\/paraferro.com.br\/loja\/wp-json\/wp\/v2\/product\/1469","targetHints":{"allow":["GET"]}}],"collection":[{"href":"https:\/\/paraferro.com.br\/loja\/wp-json\/wp\/v2\/product"}],"about":[{"href":"https:\/\/paraferro.com.br\/loja\/wp-json\/wp\/v2\/types\/product"}],"wp:featuredmedia":[{"embeddable":true,"href":"https:\/\/paraferro.com.br\/loja\/wp-json\/wp\/v2\/media\/1467"}],"wp:attachment":[{"href":"https:\/\/paraferro.com.br\/loja\/wp-json\/wp\/v2\/media?parent=1469"}],"wp:term":[{"taxonomy":"product_brand","embeddable":true,"href":"https:\/\/paraferro.com.br\/loja\/wp-json\/wp\/v2\/product_brand?post=1469"},{"taxonomy":"product_cat","embeddable":true,"href":"https:\/\/paraferro.com.br\/loja\/wp-json\/wp\/v2\/product_cat?post=1469"},{"taxonomy":"product_tag","embeddable":true,"href":"https:\/\/paraferro.com.br\/loja\/wp-json\/wp\/v2\/product_tag?post=1469"}],"curies":[{"name":"wp","href":"https:\/\/api.w.org\/{rel}","templated":true}]}}