{"id":1468,"date":"2019-08-23T17:59:07","date_gmt":"2019-08-23T20:59:07","guid":{"rendered":"http:\/\/paraferro.com.br\/loja\/?post_type=product&#038;p=1468"},"modified":"2025-05-12T14:20:56","modified_gmt":"2025-05-12T17:20:56","slug":"almofada-preta-encaixe-larga","status":"publish","type":"product","link":"https:\/\/paraferro.com.br\/loja\/produto\/almofada-preta-encaixe-larga\/","title":{"rendered":"ALMOFADA PRETA ENCAIXE LARGA"},"content":{"rendered":"<p class=\"\" data-start=\"210\" data-end=\"529\">A almofada preta de encaixe larga \u00e9 ideal para acabamentos em port\u00f5es, grades e estruturas met\u00e1licas, oferecendo fixa\u00e7\u00e3o pr\u00e1tica e refor\u00e7o visual ao conjunto. Com design funcional e pintura resistente, \u00e9 indicada para projetos de serralheria que exigem prote\u00e7\u00e3o, est\u00e9tica e facilidade na instala\u00e7\u00e3o em perfis met\u00e1licos.<\/p>\n<p class=\"\" data-start=\"210\" data-end=\"529\"><strong data-start=\"533\" data-end=\"593\">Consultar medidas no momento da cota\u00e7\u00e3o via WhatsApp.<\/strong><\/p>\n<p data-start=\"210\" data-end=\"529\">\n","protected":false},"excerpt":{"rendered":"<p>A almofada preta de encaixe larga \u00e9 ideal para acabamentos em port\u00f5es, grades e estruturas met\u00e1licas, oferecendo fixa\u00e7\u00e3o pr\u00e1tica e refor\u00e7o visual ao conjunto. Com design funcional e pintura resistente, \u00e9 indicada para projetos de serralheria que exigem prote\u00e7\u00e3o, est\u00e9tica e facilidade na instala\u00e7\u00e3o em perfis met\u00e1licos. Consultar medidas no momento da cota\u00e7\u00e3o via WhatsApp.<\/p>\n","protected":false},"featured_media":1467,"template":"","meta":{"_joinchat":[]},"product_brand":[],"product_cat":[67,22],"product_tag":[],"class_list":{"0":"post-1468","1":"product","2":"type-product","3":"status-publish","4":"has-post-thumbnail","6":"product_cat-almofada","7":"product_cat-serralheria","9":"first","10":"instock","11":"shipping-taxable","12":"purchasable","13":"product-type-simple"},"_links":{"self":[{"href":"https:\/\/paraferro.com.br\/loja\/wp-json\/wp\/v2\/product\/1468","targetHints":{"allow":["GET"]}}],"collection":[{"href":"https:\/\/paraferro.com.br\/loja\/wp-json\/wp\/v2\/product"}],"about":[{"href":"https:\/\/paraferro.com.br\/loja\/wp-json\/wp\/v2\/types\/product"}],"wp:featuredmedia":[{"embeddable":true,"href":"https:\/\/paraferro.com.br\/loja\/wp-json\/wp\/v2\/media\/1467"}],"wp:attachment":[{"href":"https:\/\/paraferro.com.br\/loja\/wp-json\/wp\/v2\/media?parent=1468"}],"wp:term":[{"taxonomy":"product_brand","embeddable":true,"href":"https:\/\/paraferro.com.br\/loja\/wp-json\/wp\/v2\/product_brand?post=1468"},{"taxonomy":"product_cat","embeddable":true,"href":"https:\/\/paraferro.com.br\/loja\/wp-json\/wp\/v2\/product_cat?post=1468"},{"taxonomy":"product_tag","embeddable":true,"href":"https:\/\/paraferro.com.br\/loja\/wp-json\/wp\/v2\/product_tag?post=1468"}],"curies":[{"name":"wp","href":"https:\/\/api.w.org\/{rel}","templated":true}]}}