{"id":14076,"date":"2025-04-22T16:27:24","date_gmt":"2025-04-22T19:27:24","guid":{"rendered":"https:\/\/paraferro.com.br\/loja\/?post_type=product&#038;p=14076"},"modified":"2025-05-19T09:46:52","modified_gmt":"2025-05-19T12:46:52","slug":"tubo-inox-redondo","status":"publish","type":"product","link":"https:\/\/paraferro.com.br\/loja\/produto\/tubo-inox-redondo\/","title":{"rendered":"Tubo Inox Redondo"},"content":{"rendered":"<p><span class=\"OYPEnA font-feature-liga-off font-feature-clig-off font-feature-calt-off text-decoration-none text-strikethrough-none\">O tubo redondo inox \u00e9 dur\u00e1vel, resistente \u00e0 corros\u00e3o e tem acabamento sofisticado. Usado em constru\u00e7\u00e3o, ind\u00fastria e decora\u00e7\u00e3o, \u00e9 ideal para estruturas, corrim\u00e3os, m\u00f3veis e tubula\u00e7\u00f5es. Perfeito para quem busca qualidade e design elegante.<\/span><\/p>\n<p>&nbsp;<\/p>\n","protected":false},"excerpt":{"rendered":"<p>O tubo redondo inox \u00e9 dur\u00e1vel, resistente \u00e0 corros\u00e3o e tem acabamento sofisticado. Usado em constru\u00e7\u00e3o, ind\u00fastria e decora\u00e7\u00e3o, \u00e9 ideal para estruturas, corrim\u00e3os, m\u00f3veis e tubula\u00e7\u00f5es. Perfeito para quem busca qualidade e design elegante. &nbsp;<\/p>\n","protected":false},"featured_media":14077,"template":"","meta":{"_joinchat":[]},"product_brand":[],"product_cat":[20,108],"product_tag":[],"class_list":{"0":"post-14076","1":"product","2":"type-product","3":"status-publish","4":"has-post-thumbnail","6":"product_cat-inoxidavel","7":"product_cat-tubo-inox","9":"first","10":"instock","11":"shipping-taxable","12":"purchasable","13":"product-type-variable"},"_links":{"self":[{"href":"https:\/\/paraferro.com.br\/loja\/wp-json\/wp\/v2\/product\/14076","targetHints":{"allow":["GET"]}}],"collection":[{"href":"https:\/\/paraferro.com.br\/loja\/wp-json\/wp\/v2\/product"}],"about":[{"href":"https:\/\/paraferro.com.br\/loja\/wp-json\/wp\/v2\/types\/product"}],"wp:featuredmedia":[{"embeddable":true,"href":"https:\/\/paraferro.com.br\/loja\/wp-json\/wp\/v2\/media\/14077"}],"wp:attachment":[{"href":"https:\/\/paraferro.com.br\/loja\/wp-json\/wp\/v2\/media?parent=14076"}],"wp:term":[{"taxonomy":"product_brand","embeddable":true,"href":"https:\/\/paraferro.com.br\/loja\/wp-json\/wp\/v2\/product_brand?post=14076"},{"taxonomy":"product_cat","embeddable":true,"href":"https:\/\/paraferro.com.br\/loja\/wp-json\/wp\/v2\/product_cat?post=14076"},{"taxonomy":"product_tag","embeddable":true,"href":"https:\/\/paraferro.com.br\/loja\/wp-json\/wp\/v2\/product_tag?post=14076"}],"curies":[{"name":"wp","href":"https:\/\/api.w.org\/{rel}","templated":true}]}}