{"id":1346,"date":"2019-08-23T17:01:38","date_gmt":"2019-08-23T20:01:38","guid":{"rendered":"http:\/\/paraferro.com.br\/loja\/produto\/chapa-expandida-galvanizada-3-16-50-x-100-2x120\/"},"modified":"2025-07-21T14:45:45","modified_gmt":"2025-07-21T17:45:45","slug":"chapa-expandida","status":"publish","type":"product","link":"https:\/\/paraferro.com.br\/loja\/produto\/chapa-expandida\/","title":{"rendered":"CHAPA EXPANDIDA"},"content":{"rendered":"<p class=\"\" data-start=\"184\" data-end=\"525\"><span class=\"OYPEnA font-feature-liga-off font-feature-clig-off font-feature-calt-off text-decoration-none text-strikethrough-none\">Material met\u00e1lico leve, resistente e com aberturas que garantem ventila\u00e7\u00e3o, drenagem e efeito antiderrapante. Muito usada em pisos, passarelas, grades e fachadas.<\/span><\/p>\n","protected":false},"excerpt":{"rendered":"<p>Material met\u00e1lico leve, resistente e com aberturas que garantem ventila\u00e7\u00e3o, drenagem e efeito antiderrapante. Muito usada em pisos, passarelas, grades e fachadas.<\/p>\n","protected":false},"featured_media":16726,"template":"","meta":{"_joinchat":[]},"product_brand":[],"product_cat":[292,22],"product_tag":[],"class_list":{"0":"post-1346","1":"product","2":"type-product","3":"status-publish","4":"has-post-thumbnail","6":"product_cat-chapas","7":"product_cat-serralheria","9":"first","10":"instock","11":"shipping-taxable","12":"purchasable","13":"product-type-variable"},"_links":{"self":[{"href":"https:\/\/paraferro.com.br\/loja\/wp-json\/wp\/v2\/product\/1346","targetHints":{"allow":["GET"]}}],"collection":[{"href":"https:\/\/paraferro.com.br\/loja\/wp-json\/wp\/v2\/product"}],"about":[{"href":"https:\/\/paraferro.com.br\/loja\/wp-json\/wp\/v2\/types\/product"}],"wp:featuredmedia":[{"embeddable":true,"href":"https:\/\/paraferro.com.br\/loja\/wp-json\/wp\/v2\/media\/16726"}],"wp:attachment":[{"href":"https:\/\/paraferro.com.br\/loja\/wp-json\/wp\/v2\/media?parent=1346"}],"wp:term":[{"taxonomy":"product_brand","embeddable":true,"href":"https:\/\/paraferro.com.br\/loja\/wp-json\/wp\/v2\/product_brand?post=1346"},{"taxonomy":"product_cat","embeddable":true,"href":"https:\/\/paraferro.com.br\/loja\/wp-json\/wp\/v2\/product_cat?post=1346"},{"taxonomy":"product_tag","embeddable":true,"href":"https:\/\/paraferro.com.br\/loja\/wp-json\/wp\/v2\/product_tag?post=1346"}],"curies":[{"name":"wp","href":"https:\/\/api.w.org\/{rel}","templated":true}]}}