{"id":1291,"date":"2019-08-23T16:41:53","date_gmt":"2019-08-23T19:41:53","guid":{"rendered":"http:\/\/paraferro.com.br\/loja\/produto\/barra-redonda-1-2-120mm-12mts\/"},"modified":"2025-07-14T14:17:03","modified_gmt":"2025-07-14T17:17:03","slug":"barra-redonda","status":"publish","type":"product","link":"https:\/\/paraferro.com.br\/loja\/produto\/barra-redonda\/","title":{"rendered":"BARRA REDONDA"},"content":{"rendered":"<p class=\"\" data-start=\"156\" data-end=\"470\"><span class=\"OYPEnA font-feature-liga-off font-feature-clig-off font-feature-calt-off text-decoration-none text-strikethrough-none\">A barra redonda de a\u00e7o \u00e9 usada em usinagem, constru\u00e7\u00e3o e serralheria, ideal para eixos, pinos, grades e pe\u00e7as t\u00e9cnicas, oferece alta resist\u00eancia, durabilidade e f\u00e1cil usinagem.<\/span><\/p>\n","protected":false},"excerpt":{"rendered":"<p>A barra redonda de a\u00e7o \u00e9 usada em usinagem, constru\u00e7\u00e3o e serralheria, ideal para eixos, pinos, grades e pe\u00e7as t\u00e9cnicas, oferece alta resist\u00eancia, durabilidade e f\u00e1cil usinagem.<\/p>\n","protected":false},"featured_media":14968,"template":"","meta":{"_joinchat":[]},"product_brand":[],"product_cat":[52,22],"product_tag":[],"class_list":{"0":"post-1291","1":"product","2":"type-product","3":"status-publish","4":"has-post-thumbnail","6":"product_cat-barra-redonda","7":"product_cat-serralheria","9":"first","10":"instock","11":"shipping-taxable","12":"purchasable","13":"product-type-variable","14":"has-default-attributes"},"_links":{"self":[{"href":"https:\/\/paraferro.com.br\/loja\/wp-json\/wp\/v2\/product\/1291","targetHints":{"allow":["GET"]}}],"collection":[{"href":"https:\/\/paraferro.com.br\/loja\/wp-json\/wp\/v2\/product"}],"about":[{"href":"https:\/\/paraferro.com.br\/loja\/wp-json\/wp\/v2\/types\/product"}],"wp:featuredmedia":[{"embeddable":true,"href":"https:\/\/paraferro.com.br\/loja\/wp-json\/wp\/v2\/media\/14968"}],"wp:attachment":[{"href":"https:\/\/paraferro.com.br\/loja\/wp-json\/wp\/v2\/media?parent=1291"}],"wp:term":[{"taxonomy":"product_brand","embeddable":true,"href":"https:\/\/paraferro.com.br\/loja\/wp-json\/wp\/v2\/product_brand?post=1291"},{"taxonomy":"product_cat","embeddable":true,"href":"https:\/\/paraferro.com.br\/loja\/wp-json\/wp\/v2\/product_cat?post=1291"},{"taxonomy":"product_tag","embeddable":true,"href":"https:\/\/paraferro.com.br\/loja\/wp-json\/wp\/v2\/product_tag?post=1291"}],"curies":[{"name":"wp","href":"https:\/\/api.w.org\/{rel}","templated":true}]}}