{"id":1274,"date":"2019-08-23T16:27:20","date_gmt":"2019-08-23T19:27:20","guid":{"rendered":"http:\/\/paraferro.com.br\/loja\/produto\/barra-chata-4-x-3-4\/"},"modified":"2025-07-21T15:33:15","modified_gmt":"2025-07-21T18:33:15","slug":"barra-chata","status":"publish","type":"product","link":"https:\/\/paraferro.com.br\/loja\/produto\/barra-chata\/","title":{"rendered":"BARRA CHATA"},"content":{"rendered":"<p class=\"\" data-start=\"152\" data-end=\"456\">A barra chata \u00e9 um material amplamente utilizado em projetos de serralheria, estruturas met\u00e1licas, port\u00f5es, grades e suportes. Fabricada em a\u00e7o, possui excelente resist\u00eancia mec\u00e2nica, facilidade de corte e soldagem, sendo ideal para aplica\u00e7\u00f5es que exigem durabilidade, estabilidade e acabamento uniforme.<\/p>\n<p class=\"\" data-start=\"152\" data-end=\"456\">\n","protected":false},"excerpt":{"rendered":"<p>A barra chata \u00e9 um material amplamente utilizado em projetos de serralheria, estruturas met\u00e1licas, port\u00f5es, grades e suportes. Fabricada em a\u00e7o, possui excelente resist\u00eancia mec\u00e2nica, facilidade de corte e soldagem, sendo ideal para aplica\u00e7\u00f5es que exigem durabilidade, estabilidade e acabamento uniforme.<\/p>\n","protected":false},"featured_media":16719,"template":"","meta":{"_joinchat":[]},"product_brand":[],"product_cat":[295,50,16,22],"product_tag":[],"class_list":{"0":"post-1274","1":"product","2":"type-product","3":"status-publish","4":"has-post-thumbnail","6":"product_cat-barra","7":"product_cat-barra-chata","8":"product_cat-construcao-naval","9":"product_cat-serralheria","11":"first","12":"instock","13":"shipping-taxable","14":"purchasable","15":"product-type-variable"},"_links":{"self":[{"href":"https:\/\/paraferro.com.br\/loja\/wp-json\/wp\/v2\/product\/1274","targetHints":{"allow":["GET"]}}],"collection":[{"href":"https:\/\/paraferro.com.br\/loja\/wp-json\/wp\/v2\/product"}],"about":[{"href":"https:\/\/paraferro.com.br\/loja\/wp-json\/wp\/v2\/types\/product"}],"wp:featuredmedia":[{"embeddable":true,"href":"https:\/\/paraferro.com.br\/loja\/wp-json\/wp\/v2\/media\/16719"}],"wp:attachment":[{"href":"https:\/\/paraferro.com.br\/loja\/wp-json\/wp\/v2\/media?parent=1274"}],"wp:term":[{"taxonomy":"product_brand","embeddable":true,"href":"https:\/\/paraferro.com.br\/loja\/wp-json\/wp\/v2\/product_brand?post=1274"},{"taxonomy":"product_cat","embeddable":true,"href":"https:\/\/paraferro.com.br\/loja\/wp-json\/wp\/v2\/product_cat?post=1274"},{"taxonomy":"product_tag","embeddable":true,"href":"https:\/\/paraferro.com.br\/loja\/wp-json\/wp\/v2\/product_tag?post=1274"}],"curies":[{"name":"wp","href":"https:\/\/api.w.org\/{rel}","templated":true}]}}