{"id":1191,"date":"2019-08-23T15:34:53","date_gmt":"2019-08-23T18:34:53","guid":{"rendered":"http:\/\/paraferro.com.br\/loja\/?post_type=product&#038;p=1191"},"modified":"2025-05-08T11:33:46","modified_gmt":"2025-05-08T14:33:46","slug":"tela-coluna","status":"publish","type":"product","link":"https:\/\/paraferro.com.br\/loja\/produto\/tela-coluna\/","title":{"rendered":"TELA COLUNA"},"content":{"rendered":"<p style=\"text-align: left;\"><span class=\"OYPEnA font-feature-liga-off font-feature-clig-off font-feature-calt-off text-decoration-none text-strikethrough-none\">A tela coluna \u00e9 um material de a\u00e7o utilizado para refor\u00e7ar colunas de concreto, oferecendo alta resist\u00eancia, estabilidade e durabilidade. Facilita o processo de instala\u00e7\u00e3o, pode ser adaptada a diferentes tipos de colunas e \u00e9 resistente \u00e0 corros\u00e3o. Ideal para estruturas de grande porte e obras que exigem alta resist\u00eancia, a tela coluna garante seguran\u00e7a e qualidade nas constru\u00e7\u00f5es.<\/span><\/p>\n<p>&nbsp;<\/p>\n","protected":false},"excerpt":{"rendered":"<p>A tela coluna \u00e9 um material de a\u00e7o utilizado para refor\u00e7ar colunas de concreto, oferecendo alta resist\u00eancia, estabilidade e durabilidade. Facilita o processo de instala\u00e7\u00e3o, pode ser adaptada a diferentes tipos de colunas e \u00e9 resistente \u00e0 corros\u00e3o. Ideal para estruturas de grande porte e obras que exigem alta resist\u00eancia, a tela coluna garante seguran\u00e7a e qualidade nas constru\u00e7\u00f5es. &nbsp;<\/p>\n","protected":false},"featured_media":14483,"template":"","meta":{"_joinchat":[]},"product_brand":[],"product_cat":[42],"product_tag":[],"class_list":{"0":"post-1191","1":"product","2":"type-product","3":"status-publish","4":"has-post-thumbnail","6":"product_cat-tela-coluna","8":"first","9":"instock","10":"shipping-taxable","11":"purchasable","12":"product-type-variable"},"_links":{"self":[{"href":"https:\/\/paraferro.com.br\/loja\/wp-json\/wp\/v2\/product\/1191","targetHints":{"allow":["GET"]}}],"collection":[{"href":"https:\/\/paraferro.com.br\/loja\/wp-json\/wp\/v2\/product"}],"about":[{"href":"https:\/\/paraferro.com.br\/loja\/wp-json\/wp\/v2\/types\/product"}],"wp:featuredmedia":[{"embeddable":true,"href":"https:\/\/paraferro.com.br\/loja\/wp-json\/wp\/v2\/media\/14483"}],"wp:attachment":[{"href":"https:\/\/paraferro.com.br\/loja\/wp-json\/wp\/v2\/media?parent=1191"}],"wp:term":[{"taxonomy":"product_brand","embeddable":true,"href":"https:\/\/paraferro.com.br\/loja\/wp-json\/wp\/v2\/product_brand?post=1191"},{"taxonomy":"product_cat","embeddable":true,"href":"https:\/\/paraferro.com.br\/loja\/wp-json\/wp\/v2\/product_cat?post=1191"},{"taxonomy":"product_tag","embeddable":true,"href":"https:\/\/paraferro.com.br\/loja\/wp-json\/wp\/v2\/product_tag?post=1191"}],"curies":[{"name":"wp","href":"https:\/\/api.w.org\/{rel}","templated":true}]}}