{"id":10062,"date":"2023-03-10T16:11:49","date_gmt":"2023-03-10T19:11:49","guid":{"rendered":"https:\/\/paraferro.com.br\/loja\/?post_type=product&#038;p=10062"},"modified":"2025-09-01T09:58:05","modified_gmt":"2025-09-01T12:58:05","slug":"carrinho-tramontina-azul","status":"publish","type":"product","link":"https:\/\/paraferro.com.br\/loja\/produto\/carrinho-tramontina-azul\/","title":{"rendered":"CARRINHO TRAMONTINA AZUL"},"content":{"rendered":"<p><span data-slate-fragment=\"JTVCJTdCJTIydHlwZSUyMiUzQSUyMnAlMjIlMkMlMjJjaGlsZHJlbiUyMiUzQSU1QiU3QiUyMnRleHQlMjIlM0ElMjJPJTIwY2FycmluaG8lMjBkZSUyMG0lQzMlQTNvJTIwVHJhbW9udGluYSUyMCVDMyVBOSUyMGElMjBmZXJyYW1lbnRhJTIwaWRlYWwlMjBwYXJhJTIwb3RpbWl6YXIlMjBvJTIwdHJhbnNwb3J0ZSUyMGRlJTIwbWF0ZXJpYWlzJTIwZW0lMjBkaXZlcnNhcyUyMGF0aXZpZGFkZXMlMkMlMjBkZXNkZSUyMGElMjBjb25zdHJ1JUMzJUE3JUMzJUEzbyUyMGNpdmlsJTIwZSUyMHJlZm9ybWFzJTIwYXQlQzMlQTklMjBvJTIwdXNvJTIwZW0lMjBqYXJkaW5hZ2VtJTIwZSUyMGFncmljdWx0dXJhLiUyMFJlY29uaGVjaWRvJTIwcGVsYSUyMHN1YSUyMGR1cmFiaWxpZGFkZSUyMGUlMjBkZXNpZ24lMjBmdW5jaW9uYWwlMkMlMjBvcyUyMGNhcnJpbmhvcyUyMGRlJTIwbSVDMyVBM28lMjBUcmFtb250aW5hJTIwcyVDMyVBM28lMjBkZXNlbnZvbHZpZG9zJTIwcGFyYSUyMG9mZXJlY2VyJTIwcmVzaXN0JUMzJUFBbmNpYSUyQyUyMHByYXRpY2lkYWRlJTIwZSUyMGNvbmZvcnRvJTIwZHVyYW50ZSUyMG8lMjBtYW51c2VpbyUyQyUyMHRvcm5hbmRvJTIwbyUyMHRyYWJhbGhvJTIwbWFpcyUyMCVDMyVBMWdpbCUyMGUlMjBtZW5vcyUyMGRlc2dhc3RhbnRlLiUyMiU3RCU1RCU3RCU1RA==\">O carrinho de m\u00e3o Tramontina \u00e9 a ferramenta ideal para otimizar o transporte de materiais em diversas atividades, desde a constru\u00e7\u00e3o civil e reformas at\u00e9 o uso em jardinagem e agricultura. Reconhecido pela sua durabilidade e design funcional, os carrinhos de m\u00e3o Tramontina s\u00e3o desenvolvidos para oferecer resist\u00eancia, praticidade e conforto durante o manuseio, tornando o trabalho mais \u00e1gil e menos desgastante.<\/span><\/p>\n","protected":false},"excerpt":{"rendered":"<p>O carrinho de m\u00e3o Tramontina \u00e9 a ferramenta ideal para otimizar o transporte de materiais em diversas atividades, desde a constru\u00e7\u00e3o civil e reformas at\u00e9 o uso em jardinagem e agricultura. Reconhecido pela sua durabilidade e design funcional, os carrinhos de m\u00e3o Tramontina s\u00e3o desenvolvidos para oferecer resist\u00eancia, praticidade e conforto durante o manuseio, tornando o trabalho mais \u00e1gil e menos desgastante.<\/p>\n","protected":false},"featured_media":10150,"template":"","meta":{"_joinchat":[]},"product_brand":[],"product_cat":[139],"product_tag":[],"class_list":{"0":"post-10062","1":"product","2":"type-product","3":"status-publish","4":"has-post-thumbnail","6":"product_cat-carro-de-mao","8":"first","9":"instock","10":"shipping-taxable","11":"purchasable","12":"product-type-simple"},"_links":{"self":[{"href":"https:\/\/paraferro.com.br\/loja\/wp-json\/wp\/v2\/product\/10062","targetHints":{"allow":["GET"]}}],"collection":[{"href":"https:\/\/paraferro.com.br\/loja\/wp-json\/wp\/v2\/product"}],"about":[{"href":"https:\/\/paraferro.com.br\/loja\/wp-json\/wp\/v2\/types\/product"}],"wp:featuredmedia":[{"embeddable":true,"href":"https:\/\/paraferro.com.br\/loja\/wp-json\/wp\/v2\/media\/10150"}],"wp:attachment":[{"href":"https:\/\/paraferro.com.br\/loja\/wp-json\/wp\/v2\/media?parent=10062"}],"wp:term":[{"taxonomy":"product_brand","embeddable":true,"href":"https:\/\/paraferro.com.br\/loja\/wp-json\/wp\/v2\/product_brand?post=10062"},{"taxonomy":"product_cat","embeddable":true,"href":"https:\/\/paraferro.com.br\/loja\/wp-json\/wp\/v2\/product_cat?post=10062"},{"taxonomy":"product_tag","embeddable":true,"href":"https:\/\/paraferro.com.br\/loja\/wp-json\/wp\/v2\/product_tag?post=10062"}],"curies":[{"name":"wp","href":"https:\/\/api.w.org\/{rel}","templated":true}]}}