{"id":10032,"date":"2023-03-08T17:49:56","date_gmt":"2023-03-08T20:49:56","guid":{"rendered":"https:\/\/paraferro.com.br\/loja\/?post_type=product&#038;p=10032"},"modified":"2025-09-01T09:59:23","modified_gmt":"2025-09-01T12:59:23","slug":"mascara-de-solda-silver","status":"publish","type":"product","link":"https:\/\/paraferro.com.br\/loja\/produto\/mascara-de-solda-silver\/","title":{"rendered":"M\u00c1SCARA DE SOLDA SILVER"},"content":{"rendered":"<div class=\"w-full my-[1px]\">\n<div class=\"py-[3px]\" data-slate-node=\"element\"><span data-slate-node=\"text\"><span class=\"\" data-slate-leaf=\"true\">A M\u00e1scara de Solda Silver \u00e9 um equipamento de prote\u00e7\u00e3o individual (EPI) indispens\u00e1vel para soldadores, oferecendo seguran\u00e7a e conforto durante os processos de soldagem. Projetada para proteger os olhos e o rosto contra fa\u00edscas, raios ultravioleta e infravermelho, e respingos de solda, esta m\u00e1scara garante uma vis\u00e3o clara e segura da \u00e1rea de trabalho.<\/span><\/span><\/div>\n<div data-slate-node=\"element\"><\/div>\n<\/div>\n<div class=\"w-full my-[1px]\" data-slate-fragment=\"JTVCJTdCJTIydHlwZSUyMiUzQSUyMnAlMjIlMkMlMjJjaGlsZHJlbiUyMiUzQSU1QiU3QiUyMnRleHQlMjIlM0ElMjJBJTIwTSVDMyVBMXNjYXJhJTIwZGUlMjBTb2xkYSUyMFNpbHZlciUyMCVDMyVBOSUyMHVtJTIwZXF1aXBhbWVudG8lMjBkZSUyMHByb3RlJUMzJUE3JUMzJUEzbyUyMGluZGl2aWR1YWwlMjAoRVBJKSUyMGluZGlzcGVucyVDMyVBMXZlbCUyMHBhcmElMjBzb2xkYWRvcmVzJTJDJTIwb2ZlcmVjZW5kbyUyMHNlZ3VyYW4lQzMlQTdhJTIwZSUyMGNvbmZvcnRvJTIwZHVyYW50ZSUyMG9zJTIwcHJvY2Vzc29zJTIwZGUlMjBzb2xkYWdlbS4lMjBQcm9qZXRhZGElMjBwYXJhJTIwcHJvdGVnZXIlMjBvcyUyMG9saG9zJTIwZSUyMG8lMjByb3N0byUyMGNvbnRyYSUyMGZhJUMzJUFEc2NhcyUyQyUyMHJhaW9zJTIwdWx0cmF2aW9sZXRhJTIwZSUyMGluZnJhdmVybWVsaG8lMkMlMjBlJTIwcmVzcGluZ29zJTIwZGUlMjBzb2xkYSUyQyUyMGVzdGElMjBtJUMzJUExc2NhcmElMjBnYXJhbnRlJTIwdW1hJTIwdmlzJUMzJUEzbyUyMGNsYXJhJTIwZSUyMHNlZ3VyYSUyMGRhJTIwJUMzJUExcmVhJTIwZGUlMjB0cmFiYWxoby4lMjIlN0QlNUQlN0QlMkMlN0IlMjJ0eXBlJTIyJTNBJTIycCUyMiUyQyUyMmNoaWxkcmVuJTIyJTNBJTVCJTdCJTIydGV4dCUyMiUzQSUyMkNvbSUyMGRlc2lnbiUyMGxldmUlMjBlJTIwcmVzaXN0ZW50ZSUyQyUyMGElMjBNJUMzJUExc2NhcmElMjBkZSUyMFNvbGRhJTIwU2lsdmVyJTIwcHJvcG9yY2lvbmElMjB1bSUyMGFqdXN0ZSUyMGNvbmZvcnQlQzMlQTF2ZWwlMjBwYXJhJTIwbG9uZ2FzJTIwaG9yYXMlMjBkZSUyMHVzby4lMjBJZGVhbCUyMHBhcmElMjBkaXZlcnNhcyUyMGFwbGljYSVDMyVBNyVDMyVCNWVzJTIwZGUlMjBzb2xkYWdlbSUyQyUyMCVDMyVBOSUyMGElMjBlc2NvbGhhJTIwcGVyZmVpdGElMjBwYXJhJTIwcHJvZmlzc2lvbmFpcyUyMHF1ZSUyMGJ1c2NhbSUyMHByb3RlJUMzJUE3JUMzJUEzbyUyMGNvbmZpJUMzJUExdmVsJTIwZSUyMHByYXRpY2lkYWRlJTIwbm8lMjBkaWElMjBhJTIwZGlhLiUyMiU3RCU1RCU3RCU1RA==\">\n<div class=\"py-[3px]\" data-slate-node=\"element\"><span data-slate-node=\"text\"><span class=\"\" data-slate-leaf=\"true\">Com design leve e resistente, a M\u00e1scara de Solda Silver proporciona um ajuste confort\u00e1vel para longas horas de uso. Ideal para diversas aplica\u00e7\u00f5es de soldagem, \u00e9 a escolha perfeita para profissionais que buscam prote\u00e7\u00e3o confi\u00e1vel e praticidade no dia a dia.<\/span><\/span><\/div>\n<\/div>\n","protected":false},"excerpt":{"rendered":"<p>A M\u00e1scara de Solda Silver \u00e9 um equipamento de prote\u00e7\u00e3o individual (EPI) indispens\u00e1vel para soldadores, oferecendo seguran\u00e7a e conforto durante os processos de soldagem. Projetada para proteger os olhos e o rosto contra fa\u00edscas, raios ultravioleta e infravermelho, e respingos de solda, esta m\u00e1scara garante uma vis\u00e3o clara e segura da \u00e1rea de trabalho. Com design leve e resistente, a M\u00e1scara de Solda Silver proporciona um ajuste confort\u00e1vel para longas horas de uso. Ideal para diversas aplica\u00e7\u00f5es de soldagem, \u00e9 a escolha perfeita para profissionais que buscam prote\u00e7\u00e3o confi\u00e1vel e praticidade no dia a dia.<\/p>\n","protected":false},"featured_media":12051,"template":"","meta":{"_joinchat":[]},"product_brand":[],"product_cat":[15],"product_tag":[],"class_list":{"0":"post-10032","1":"product","2":"type-product","3":"status-publish","4":"has-post-thumbnail","6":"product_cat-outros","8":"first","9":"instock","10":"shipping-taxable","11":"purchasable","12":"product-type-simple"},"_links":{"self":[{"href":"https:\/\/paraferro.com.br\/loja\/wp-json\/wp\/v2\/product\/10032","targetHints":{"allow":["GET"]}}],"collection":[{"href":"https:\/\/paraferro.com.br\/loja\/wp-json\/wp\/v2\/product"}],"about":[{"href":"https:\/\/paraferro.com.br\/loja\/wp-json\/wp\/v2\/types\/product"}],"wp:featuredmedia":[{"embeddable":true,"href":"https:\/\/paraferro.com.br\/loja\/wp-json\/wp\/v2\/media\/12051"}],"wp:attachment":[{"href":"https:\/\/paraferro.com.br\/loja\/wp-json\/wp\/v2\/media?parent=10032"}],"wp:term":[{"taxonomy":"product_brand","embeddable":true,"href":"https:\/\/paraferro.com.br\/loja\/wp-json\/wp\/v2\/product_brand?post=10032"},{"taxonomy":"product_cat","embeddable":true,"href":"https:\/\/paraferro.com.br\/loja\/wp-json\/wp\/v2\/product_cat?post=10032"},{"taxonomy":"product_tag","embeddable":true,"href":"https:\/\/paraferro.com.br\/loja\/wp-json\/wp\/v2\/product_tag?post=10032"}],"curies":[{"name":"wp","href":"https:\/\/api.w.org\/{rel}","templated":true}]}}